3 - 7*n**2 - 2*n - 5*n. What is p(7)?
-59
Let t(p) = -56*p + 515. Let z(j) = j + 111. Let k(v) = t(v) - z(v). Determine k(7).
5
Let f be 3*1*(-3)/(-2)*50/225. Let t(n) be the first derivative of -n**2 + n + 7. Calculate t(f).
-1
Let t(i) = 19*i + 3 - 57*i + 0*i**2 + 16*i + 18*i + 3*i**2. Let s be (-64)/(-36) + 2/9. Calculate t(s).
7
Let m(l) = -5970754467*l + 5970754466*l + 1 + 0 + l**2. Let o(y) = -y + 9. Let f be o(6). Give m(f).
7
Let a be 1968/18 + (-8)/6. Suppose -2*n = -11*n - a. Let y(l) = -l**3 - 13*l**2 - 11*l + 10. Calculate y(n).
-2
Let m(v) = 11*v**3 + 19*v**2 - 10*v - 14. Let q(t) = -12*t**3 - 22*t**2 + 13*t + 15. Let c(o) = 7*m(o) + 6*q(o). Calculate c(1).
6
Let a(t) be the second derivative of -t**3/3 + 40*t**2 + 272*t + 1. Calculate a(41).
-2
Let b be 2/(-3)*(-1 + -5). Let n(l) = 483*l - 189*l + l**3 - 4 - 293*l - 4*l**2. What is n(b)?
0
Let l(x) = 10*x + 481. Let k(o) = -3*o - 140. Let j(w) = 17*k(w) + 5*l(w). Let d(y) = 5*y + 1. Let s be d(3). Calculate j(s).
9
Let i(p) be the first derivative of p**4/2 + 27*p**3 - 39*p**2/2 + 88*p - 1360. Calculate i(-41).
6
Let y(r) = -r**3 + 6*r**2 + 37. Let k be y(6). Suppose 38*n = k*n + 2. Let u(a) = 9*a - 5. Calculate u(n).
13
Let w = 34 + -24. Suppose 10 = 4*b - w, 2*y - b - 63 = 0. Suppose y*f = 32*f - 16. Let j(v) = v**2 + 6*v - 4. Determine j(f).
12
Let o(p) = 2 - 5*p**2 - 8 + 4*p**2 + 6*p. Suppose 0 = f + 2*g - 66, -2*g = -f - 5 + 59. Let j = f + -55. Give o(j).
-1
Let q be 40/30*(-6)/(-4). Let p be -14 - -5 - q*-1. Let n(z) = 2*z**2 - 10 - z - z**2 - z + 2*z**3 - z**3 + 6*z**2. What is n(p)?
4
Let h(j) = j**2 + j - 7. Let l be 3248/96 - (10/12 - 0). Suppose 19*v + l = -43. Determine h(v).
5
Let t(y) = -3*y**2 - 22*y + 10. Let s(b) = 8*b**2 + 65*b - 24. Let x(f) = 4*s(f) + 11*t(f). What is x(16)?
46
Let b(g) = 11*g**2 - 314*g - 2646. Let q(p) = -3*p**2 + 90*p + 756. Let i(r) = 5*b(r) + 18*q(r). What is i(-9)?
9
Let x(r) be the third derivative of r**6/8 - r**5/20 + r**4/4 - 5*r**3/6 + 3297*r**2. What is x(1)?
13
Let n(k) be the second derivative of -k**5/10 + 5*k**4/4 + 26*k**3/3 - 10*k**2 + 131*k - 12. Calculate n(10).
0
Let f(c) = -2*c**2 - 9*c - 9. Let d(t) = 3*t**2 + 13*t + 12. Let n(r) = -5*d(r) - 7*f(r). Give n(4).
-21
Let t(l) = -15*l**2 + 18*l**2 - 8*l**2 - 7 + 7*l**2 + 5*l. Give t(-7).
56
Let n(s) = s**2 + 5*s - 5. Let i = 166 - 107. Let x be i + (-6 - -3)*(1 - 0). Suppose -x*r - 30 = -50*r. What is n(r)?
-5
Suppose -2*i - 2*i = -20. Let q(s) = 16*s - 1. Let x(n) = 33*n - 3. Let l(w) = -2*q(w) + x(w). Give l(i).
4
Let l(b) = 1 - 2 - b**2 - 1. Suppose 4*j + 50 = 5*q, -10 = -q + j - 4*j. Let n(g) = g**3 - 11*g**2 + 10*g + 4. Let x be n(q). What is l(x)?
-18
Let z(y) = -17*y + 4. Let m(o) = -50*o + 12. Let t(d) = 3*m(d) - 10*z(d). What is t(-1)?
-24
Suppose 0 = 5*h + 4*x - 316, 0*h - x - 321 = -5*h. Let p(r) = -41 - r**2 + r + r**3 + h - 37. Give p(0).
-14
Let b(f) = -3*f - 2 + 3 + f. Let p(y) = 2*y**3 + 31*y**2 - 91*y - 19. Let d be p(-18). Determine b(d).
3
Suppose -352 = -76*y + 74*y. Let o = y - 176. Let t(h) = h + 15. Calculate t(o).
15
Suppose -2*w = -5*f + 11, 5*w - 4*f = 1 - 3. Let k(o) = 7*o - 5*o**w - 4*o - 10 - 2*o + 3 + o**3. Calculate k(5).
-2
Let i(d) be the third derivative of -d**4/4 - 103*d**3/3 - 136*d**2 + 6*d. Give i(-34).
-2
Suppose 60 = -2*i - 0. Let u be 12/i - (6/15)/(-1). Let m(q) = q**2 + q - 2. What is m(u)?
-2
Let g(c) = -9 + 3*c**2 + 470*c**3 - 10*c + 281*c**3 - 749*c**3. Give g(-3).
-6
Let p be 6/21*11*56/44. Let q(f) = -2*f**3 + 9*f**2 - f - 1. Determine q(p).
11
Let a(x) = x**3 + 2*x**2 - 2*x + 1. Suppose -6*n + y = -8 - 2, 4*n - 2 = 3*y. Suppose -m - 4*h = -12, -m - n*h - 6 = -10. Give a(m).
-23
Let m(h) = 2*h - 15. Let s(y) = y + 3. Let c(d) = 1. Let j(u) = 6*c(u) - s(u). Let a be j(7). Let z(t) = t - 7. Let v(i) = a*m(i) + 7*z(i). Calculate v(8).
3
Suppose -3*c = 11 + 13. Let a(t) = t**2 + 2*t + 1. Let f be a(2). Let b(h) = 3*h + 1 - 1 - 10*h - h**3 - f*h**2 + 1. Give b(c).
-7
Let t(j) = 24*j**2 + 8*j - 1168. Let a(z) = -5*z**2 - 2*z + 233. Let m(b) = -14*a(b) - 3*t(b). Let n(v) be the first derivative of m(v). Calculate n(3).
-8
Let u = -31 + 12. Let o = u - 8. Let j be ((-6)/9)/(3/o). Let i(r) = r**2 - 10*r + 8. Determine i(j).
-16
Let f(z) = -z**2 - 13*z + 7. Let d be (-70)/105 + 84/(-9) - 3. Give f(d).
7
Let z(c) = -c**3 + 5*c**2 - 13*c + 58. Let s be (-12)/2 + (9 - -2). Let n be z(s). Let k(b) = -4*b + 3. Determine k(n).
31
Let z(k) = -3*k - k**3 + 5*k**3 - 5*k**3 + k - 1. Let x(r) = -r**3 - 9*r**2 - 12*r - 16. Let u(b) = -x(b) + 2*z(b). Calculate u(10).
-6
Let i = -2 + -6. Let l = -6 - i. Let v(b) be the first derivative of -b**2 + 10743. What is v(l)?
-4
Suppose -p = -7*j + 80, 2*p + 28 = 2*j + 12. Let a(y) = -4*y**2 + 48*y - 9. What is a(j)?
-9
Let x(w) = 42*w**3 - 40*w - 20 + 44*w**3 - 14 - 122*w**3 + 37*w**3 - 11*w**2. Calculate x(14).
-6
Let s(z) = -4*z + 2*z**2 + 5 + 1 - 3*z**2. Suppose 611*h + 34 = 613*h. Suppose 0 = h*a - 20*a - 21. What is s(a)?
-15
Let f(m) = -9*m - 26. Let j(b) = -97*b - 259. Let q(i) = -21*f(i) + 2*j(i). Determine q(3).
13
Let d(q) be the second derivative of -q**4/12 + q**3/6 - 3*q**2/2 - 2*q - 34. What is d(2)?
-5
Let l = 103 + -101. Let i(r) = -7*r**l + 7 - 11 + 6 + r**2 - 2*r. Calculate i(-2).
-18
Let g(n) = 4*n + 27. Let a(s) = s**3 - 7*s**2 + 4*s + 5. Let u be a(6). Let p be g(u). Let y(t) = -7*t**2 - 2*t - 1. Determine y(p).
-6
Let p(z) = 7*z + 107. Let c(u) = u**2 + 75*u + 398. Let i be c(-6). Calculate p(i).
-5
Let v(r) = r**3 + 8*r**2 + 2*r + 8. Let f(x) = -x - 4. Let s be f(-7). Let a = s + 8. Suppose 9*m = a*m + 16. Determine v(m).
-8
Let c(l) = 2*l**2 - 90*l - 1340. Let j be c(57). Let v(m) = 4*m - 127. Calculate v(j).
-15
Let q(h) = 2*h**3 + h - 5 + 19 - 9 - 1 - 4*h**2. Let n(s) = -2*s**3 + 50*s**2 + 170*s - 54. Let f be n(28). What is q(f)?
6
Let n(t) = 0*t + 64 + t**3 - 18*t**2 + 6*t + t + 5*t**2. Determine n(12).
4
Let i be -3*2 - ((0 - -3) + -3)/1. Let f(g) = -10*g - 23. Determine f(i).
37
Let s(g) = -g**3 + 19*g**2 + 25*g - 22. Let r(b) = -4*b**3 + 105*b**2 + 82*b - 7. Let v be r(27). Determine s(v).
78
Let o be (-385)/(-154) + (1/(-2))/1. Let v(j) be the second derivative of j**o + 0 - 1/3*j**3 + 2*j. Calculate v(-3).
8
Let o(m) = -607*m + 610. Let j be o(1). Let p(y) = -y**3 - y**2 + 3*y - 2. Give p(j).
-29
Let p(n) = -4*n**2 + 5*n - 37. Let l be p(7). Let c = l - -196. Let a(z) = -2*z**2 - 2*z. What is a(c)?
-4
Let m(c) be the third derivative of -c**4/24 + c**3/2 + 5875*c**2. What is m(9)?
-6
Let l be (-4)/18 + 7990/(-90). Let f = l + 144. Suppose -17*o + f - 21 = 0. Let q(a) = -10*a. Give q(o).
-20
Let f be (3 + -2)/((-10)/160). Let z be 69/(-12) + 4/f. Let o(j) = -j**3 - 7*j**2 - 9*j - 8. What is o(z)?
10
Let o(k) = -3*k + 2. Let w(v) = -v**2 + 8*v - 14. Let x be w(6). Let p be (3 - (0 - 2)) + x. Suppose p*z = 6*z - 9. What is o(z)?
-7
Let w(r) = -2*r**3 - 10*r**2 + r + 7. Suppose -8 = -3*i - 11. Let n(y) = y**3 + y**2 - y. Let h(u) = i*n(u) - w(u). What is h(-9)?
-7
Let w(d) = d**2 - 6*d - 2. Let l be ((-2)/5)/(-1*1/90). Suppose -3*y - y = 3*b - l, 3*b - 30 = -3*y. Calculate w(y).
-2
Let k(b) = -10*b**3 - 2*b**2 + 39*b - 4. Let d(c) = 0*c**3 + 1 + c**2 - c**3 - 111*c + 99*c + 4*c**3. Let j(r) = 7*d(r) + 2*k(r). Calculate j(-4).
7
Let o(q) = -7*q**2 + 54*q + 15. Let g(t) = -10*t - 142. Let m be g(-15). Let c be o(m). Let b(p) = -4*p + 1. Determine b(c).
5
Let s(i) = 43*i**3 + 4*i**2 - 7*i + 1. Let m(r) = -54*r**3 - 4*r**2 + 7*r. Let y(f) = -4*m(f) - 5*s(f). What is y(3)?
7
Let d(l) = 4368*l + 95 - 4371*l + 1045*l**2 + l**3 - 1035*l**2. Calculate d(-11).
7
Suppose 2*p - p - 1 = 0. Let n(v) = -8 - 4*v + 3*v + 9. Let w(h) = -3*h**2 - 4*h + 1. Let i(z) = p*w(z) - 2*n(z). What is i(-1)?
-2
Suppose 21 = 3*m + 2*n, -3*m + 14 = -m + 3*n. Let q(d) = 2*d + 26. Let c be q(-12). Let x(j) = m*j - 5 - 3*j + j**c + 4*j. Give x(-7).
-12
Let b(k) be the second derivative of k**4/12 + 7*k**3/2 + 19*k**2/2 - 477*k. Let i = -104 - -84. What is b(i)?
-1
Suppose -2*f = -210*k + 214*k - 8, -k = 4*f + 12. Let h(a) = 4*a**2 - 10*a + 2. Calculate h(k).
26
Let z(p) = 2*p - 1002 + 508 + 510. Let r = -97 - -85. What is z(r)?
-8
Let x = 129 + -124. Suppose 0*q + 5*q - 4*m = 21, 0 = x*q - m - 24. Let y(h) =